) = t**2 - t - 1. Let r(s) = f(s) - 2*k(s). Give r(5).
-3
Let v(a) = a**3 - 7*a**2 - 1. Let f be v(7). Let y be 3 - 1 - (f - 1). Suppose 15 = -n + 3*m, y*n + 17 = 5*n + 5*m. Let t(q) = q**2 + 5*q + 4. Determine t(n).
-2
Let v(y) = y + 6. Let t be v(-3). Suppose t*p = -p + 4. Let g(x) = 9*x**3 - 1. Calculate g(p).
8
Let i(m) = 4*m**2 - 2. Let h be (-10)/(-4)*48/(-60). Give i(h).
14
Let r(t) = -1 + t - 5*t + 2 - 2*t. Give r(1).
-5
Let h(t) = t**3 + t**2 - 1. Let m(v) = 8*v**3 + 5*v**2 + 2*v - 6. Let g(c) = 6*h(c) - m(c). What is g(2)?
-16
Let z(v) = v**3 + 8*v**2 + 6*v + 2. Let g(u) = u**3 + 9*u**2 + 7*u + 3. Let c(w) = 4*g(w) - 5*z(w). Suppose 4*y + 11 = -1. Determine c(y).
-1
Let u(h) = h**2 - 3*h - 1. Let v be (4/(-6))/(16/(-24)). Let b(z) = -6*z**2 + z - 1. Let c be b(v). Let t be c/15 - 34/(-10). Calculate u(t).
-1
Suppose 9 = -3*k + j - 7, 4*j = -3*k - 26. Let s be (k/9)/((-10)/75). Let z(x) = -x + 0*x - 3*x + x**3 + 6 - 4*x**2. Determine z(s).
11
Let v(k) = 3*k**2 + 3*k**2 + 0 + 0*k**3 - k**3 - 2 - 5*k. What is v(5)?
-2
Let i(l) = l - 6. Let n = 37 - 37. What is i(n)?
-6
Let p = -1771/3480 - -15/29. Let z(i) be the third derivative of -1/30*i**5 + 0 - 1/2*i**3 - p*i**6 + 2*i**2 + 1/8*i**4 + 0*i. Give z(-3).
-3
Let j(n) = n**3 - 9*n**2 + 8*n - 8. Suppose 0*b - 3*b + 24 = 0. Calculate j(b).
-8
Let a = 0 + -8. Let r = a - -6. Let b(v) = 2*v. Calculate b(r).
-4
Suppose 2*z = 5*z - 6. Let c(d) = 5*d + d**2 - 4*d + 2 - 4*d + 0*d**2. What is c(z)?
0
Let g(p) = 12 - 2 + p**2 - 7 - 7 - 8*p. Give g(7).
-11
Let v(j) = -j**3 + j**2 + 4*j + 1. Suppose 3*h + 4 = 2*x + 3, -4*h = -2*x - 2. Suppose x = -n - 2. Let i = n + 10. Determine v(i).
-5
Let b(y) = -11*y**2 + 3*y - 14. Let m(v) = -7*v**2 + 2*v - 9. Let l(q) = -5*b(q) + 8*m(q). Let r(c) = c**2 - 5*c - 6. Let k be r(6). Give l(k).
-2
Let t(s) = 2*s**3 - 3*s**2 + 3*s - 2. Let v = 9 + -7. Give t(v).
8
Let c(h) = -h**2 - 5*h - 1. Suppose -11 - 5 = -4*o. Suppose o*w + 4 - 9 = m, 0 = 5*m - w + 25. Determine c(m).
-1
Let r(x) = 0 + x**2 - 2 + 8. Determine r(0).
6
Let b(q) = -q + q**2 - 9*q**2 + 5*q - 2. Give b(2).
-26
Let c(s) = s**3 + 5*s**2 - 6*s + 5. Let l(p) = 4*p + 1 + 0 - 3 - 6*p. Let m be l(2). Calculate c(m).
5
Let j(b) = -3. Let z(t) = t - 2. Suppose 5*s - 6*k + 3*k = 29, -5*s = 5*k - 5. Let n(p) = s*z(p) - 3*j(p). Let i be 0 + 2/2 + -2. Give n(i).
-3
Let u(s) = -5*s**2 - 13*s - 1. Let v be (-9)/(3*4/8). Let k(j) = 4*j**2 + 12*j + 1. Let b(p) = v*k(p) - 5*u(p). Determine b(6).
-7
Let m(j) = -3*j. Suppose 0 = -23*n + 22*n + 6. What is m(n)?
-18
Suppose -2*y = 2*y. Suppose y = 2*i - 5*i. Suppose 3*u = a, -3*a + 14 = 5*u - i. Let z(k) = k**2 - 4*k + 2. Calculate z(a).
-1
Let i(o) = o**2 - 4 - 2*o**2 + 3. Let s = 6 + -4. Determine i(s).
-5
Let k(q) = -q - 8. Let u(h) = -4. Let g(l) = -2*k(l) + 5*u(l). Let m be g(3). Let w(y) = -5*y**3 + 0*y + 0*y + 3*y**3 + 2*y**2 - 1. Calculate w(m).
-9
Let z(k) = k**2 + k - 4. Let v be 2/(-4)*(-3 - -13). Let t = v + 5. Determine z(t).
-4
Let l = -21 + 30. Let j = -15 + l. Let o(z) = z**3 + 5*z**2 - 5*z + 8. What is o(j)?
2
Let l(t) be the third derivative of 0*t - t**2 + 1/24*t**4 + 1/6*t**3 + 0. Calculate l(1).
2
Let h(z) be the third derivative of 1/60*z**6 - 1/24*z**4 + 1/60*z**5 + 0*z + 0 - z**2 + 1/6*z**3. Suppose i + 21*j = 18*j + 13, -j = 4*i - 8. What is h(i)?
3
Suppose 3*d = -2*x + 3, x + 0*d - 3*d = 6. Let v(p) = -p + 3. Let l be v(x). Let f(g) be the second derivative of g**5/20 + 5*g**2/2 + 10*g. Determine f(l).
5
Suppose 5*z - 3*h = -45, 2*z + h = 3*h - 22. Let c(g) = g**3 + 6*g**2 + 2*g - 7. Give c(z).
-19
Let i(o) = o**2 - 3. Suppose 3*d - 1 = -4. Let u be 2/(-1) - 2*d. Let a be (-9)/6*(u - 2). Give i(a).
6
Let x(d) = -8 + 2 - d - 4*d + 2. Calculate x(-3).
11
Suppose -i - p = -4*i + 2, -4*p = 8. Let v(q) be the first derivative of -q**3/3 - q**2/2 - 4*q + 5. Give v(i).
-4
Suppose -3*g = -g. Let x(y) = -5*y**2 - 8*y - y**3 + y - 2*y**2 + g*y**3. What is x(-6)?
6
Let s be (-1 + 1)/(-1 + 3). Suppose s*m + m = 0. Let h(a) = a**2 - a + 4. What is h(m)?
4
Let a be 2 + (1/1 - -3). Let u(r) = r**2 - 6*r + 3. Calculate u(a).
3
Let l(s) be the third derivative of -s**4/24 - s**3 + 2*s**2. What is l(-8)?
2
Let t be (-1)/2*(16 + -4). Let a(v) = -v**3 - 6*v**2 - 3. Give a(t).
-3
Let v(l) = 2*l**3 - 7*l**2 + 2*l - 6. Let f(s) = 3*s**3 - 8*s**2 + 3*s - 7. Let a(r) = 3*f(r) - 4*v(r). Let o be (-1 - 0) + -1*2. What is a(o)?
9
Let y(q) = -q - 1. Let n be -3 - (-1)/((-1)/(-4)). Let w(i) = -i - 7. Let v(c) = n*w(c) - 6*y(c). Calculate v(-1).
-6
Let n(i) = -i**3 - 20*i**2 - 17*i + 41. Let w be n(-19). Let z(l) = -l**2 - 4*l - 1. What is z(w)?
-22
Let p(g) = -g**3 - g**2 + 4*g. Let m = 54 + -57. Give p(m).
6
Let z = 5 + 0. Suppose -4*y - z = 11. Let q(o) = -o**3 - 6*o**2 - 5*o + 4. Give q(y).
-8
Let n = -6 - -11. Suppose k + 34 + 8 = -5*v, 21 = -4*v - n*k. Let m(u) = -u**3 - 9*u**2 - u - 12. Let x be m(v). Let q(b) = -b**3 - 3*b**2 - 2*b - 2. Give q(x).
4
Let d(t) = 2*t - 3*t + 4*t - 867 + 860. Let n(q) = -q**2 - 8*q - 7. Let s be n(-6). Give d(s).
8
Let x = 3 - 0. Let h(v) = -v**x + 7*v + 3*v**2 - 2*v + 3 - 2. Suppose 4 = -0*d + d. Determine h(d).
5
Let s(h) = -h**3 - 6*h**2 + 9*h + 10. Let d be -3 + (-3 - (-2 + 3)). Give s(d).
-4
Let y(u) = -2*u**2 - 2*u. Suppose 4*t + 15 = -t. Give y(t).
-12
Let f(d) be the third derivative of -d**4/24 - 5*d**3/6 - 2*d**2. Let i be f(-7). Let m(b) = 3*b - b**i + 0*b + 5 + b. Calculate m(5).
0
Suppose -4*m - 7 - 9 = 5*c, 4*m + 16 = c. Let y(p) = p**2 + 0*p**2 - 2*p**2 - 5*p - 2 - p. Give y(m).
6
Let d = -3 - -8. Suppose d*s = -3*c + 29, -4*s - c = -11 - 8. Let k(f) be the first derivative of f**3/3 - 2*f**2 + 5*f - 2. Calculate k(s).
5
Suppose -2*p - 4 = -6*p. Let i be 5*3*p/3. Let t(u) = -11 + 0*u - i*u + 8. Calculate t(-2).
7
Let s(n) = n**3 - 5*n**2 + 3*n + 1. Let d be s(4). Let o be -2 + 2 + (-1 - -2). Let u(w) = w + 2 + o - 1. Calculate u(d).
-1
Let d(m) = m**3 + m - 2. Let h(l) = 10*l - 68. Let z be h(7). Calculate d(z).
8
Let n(j) = -j**2 - j. Suppose 4*k = -5*d - 0*d + 9, 20 = -5*k. Suppose 1 = 4*g + d. Let z(v) = -3*v**2 - 5*v + 3. Let b(p) = g*z(p) + 2*n(p). Give b(2).
7
Suppose w - 8 = z - 3, -4*z - 8 = 2*w. Suppose w + 4 = 3*l. Let g(o) = -o - 1. Let a(s) = s - 3. Let f(n) = -a(n) + 2*g(n). Calculate f(l).
-5
Let g(s) be the second derivative of -s**4/12 + s**3/3 - s**2/2 - 27*s. Determine g(1).
0
Let f(c) = -c**3 + 2*c**2 - 2*c + 2. Let g(u) = -u**3 - 6*u**2 - 2*u - 7. Let d be g(-6). Suppose 3*q - d*q = -4. Calculate f(q).
-2
Let x(k) = -k**2 + k - 1. Let c(z) = 3*z**2 + 0*z - 1 + 2 - z - 2*z. Let p(b) = 2*c(b) + 5*x(b). Let u = 1 + -1. Calculate p(u).
-3
Suppose -4*p = -2*p - 6. Let r(v) = -v - 6*v**2 + 2*v**3 + 6*v**2 - 2 + p*v**2. Suppose 8 = -3*o - o. Calculate r(o).
-4
Let y(s) be the first derivative of s**3/3 - 2*s**2 + 3*s - 2. Let a be (0 + 2)*(-6)/4. Let x be 42/9 + 2/a. Give y(x).
3
Suppose 0 = p - 0 - 5. Let c(v) = p*v + 15 - 13 + v + v**2 + 0*v**2. Let r = 4 - 8. Give c(r).
-6
Let f(v) = -v**2 + 3*v + 8. Let a be f(0). Let w(m) = -m**2 + 6*m + 11. What is w(a)?
-5
Let j = 5 + -1. Let m be (-5)/(-4) - j/16. Let g be m*6*(-3)/(-9). Let a(t) = 3*t**2 - t - 2. Give a(g).
8
Let b(j) be the third derivative of j**5/60 - j**4/3 + j**3/3 - 12*j**2. Give b(3).
-13
Let n(d) = 11*d - 24*d + 12*d + 1. Let a(v) = -v + 5. Let r be a(4). Suppose -5 + r = 5*c - 3*u, 5*c - 2 = u. Determine n(c).
0
Let d(t) = -5*t**2 + t**3 - 5*t - 2*t**3 + 5 + 11*t**2. What is d(5)?
5
Let m(r) = -r**2 - 1. Let p(z) = -z**3 + 9*z**2 - 3*z + 8. Let c(b) = -5*m(b) - p(b). Determine c(4).
9
Let g(y) = -y**2 - y - 2. Let m be (-9)/2*(-10)/(-15). What is g(m)?
-8
Let a(z) = z**3 + z + 18. Let x be (1 + (0 - 1))*-1. Determine a(x).
18
Let n(w) be the first derivative of -w**4/4 - w**3/3 + w**2/2 - w - 3. Let x = 5 + -1. Suppose -z + 5 = -3*m, -z = m + x*z - 25. Determine n(m).
-1
Let g = 12/13 + 16/39. Let v(b) be the first derivative of -b - 1/4*b**4 + 3 - g*b**3 + 2*b**2. Calculate v(-5).
4
Let i(w) be the third derivative of -w**9/60480 + w**8/2520 - w**7/630 - w**6/720 + w**5/6 + 8*w**2. Let t(g) be the third derivative of i(g). What is t(7)?
-8
Let y(g) = g**3 - 3*g**2 + 3*g. Let p be y(2). Let v(k) = -3*k + 2*k - 9 + 15 + k**3 + k**p. Deter